*2 + 9*r - 9. Let q be c(6). Suppose -2*a + q = -11. What is the units digit of (-12)/a*15/(-6)?
3
Let a = 8 - 28. Let p = 10 + a. Let v = p + 11. What is the units digit of v?
1
Suppose -5 = -o + 1. Let t be (-3)/9 - 28/o. Let z(s) = -3*s - 1. What is the tens digit of z(t)?
1
Let g be (-4)/(-20) + (-21)/5. Let l(r) = 2*r**2 + 4*r - 2. What is the tens digit of l(g)?
1
Let p = -14 + 19. What is the units digit of (3 + p + -3)*2?
0
Let w = 16 + -15. Suppose -2*t - 8 = -m, -4*m + 38 = -5*t - 0. Let q = m + w. What is the tens digit of q?
1
Let s(x) = -x**3 + 3*x**2 + 6*x - 8. Let h be s(4). Let z(y) = 7*y**2 + 4*y. Let l be z(-3). Suppose h*j + l = 3*j. What is the tens digit of j?
1
Suppose -61 - 24 = -5*z. Suppose -z = l - 2*l. What is the units digit of l?
7
Suppose 6 + 14 = 4*w. Suppose -w*a + 80 = 5*j, 0*a - 7 = -j - 4*a. What is the units digit of j?
9
Suppose q = 5*w - 241, -2*w + 24 + 69 = 3*q. What is the units digit of w?
8
Suppose 4*l = -2*c - 42, -2*l = -l + 4*c + 28. Let g(h) = h**2 + 6*h + 1. What is the units digit of g(l)?
7
Let m(t) = 2*t + 4. Let b be m(4). Let a(h) = h + 28. What is the tens digit of a(b)?
4
Let r(p) = -p**3 - p**2 + 4*p + 2. Let h be r(-4). Suppose 4 = -o + h. What is the units digit of o?
0
Suppose -3*f = -7 - 5. Let o = f - 2. Suppose -o*d - d = -6. What is the units digit of d?
2
Let f(c) = c. Let w be f(5). Suppose w*n - 88 = n. What is the units digit of n?
2
Let x(v) = v**3 + 18*v**2 + 24*v - 22. What is the tens digit of x(-16)?
0
Suppose -6*n + 10*n - 12 = 0. What is the units digit of n?
3
What is the units digit of 2/(-8) + (-73)/(-4)?
8
Let c = -35 - -55. Suppose -4*f + 7 = j - 9, -5*f + c = -3*j. Suppose -3*b = -j*b + 3*l - 30, 5*l = -3*b + 30. What is the tens digit of b?
1
Suppose 4*p - 94 = 86. Let q(b) = -b**3 - 3*b**2 - 2*b + 2. Let r be q(-2). Suppose 3*t = -r*w + p, -4*w + 35 = -t - 34. What is the tens digit of w?
1
Let o(n) = -n**3 - 6*n**2 - 6*n - 7. Let h be o(-5). Let d = h + 5. What is the units digit of d?
3
Let v = 44 + 23. What is the tens digit of v?
6
Suppose -2*x + 28 = 4*j, 3*j + 2*j = -5*x + 45. Suppose q - 2*q + 6 = -3*w, -3*q + 23 = -x*w. What is the units digit of q?
9
Let p be ((-4)/(-8))/((-1)/(-6)). Suppose -p*y + 12 = -0*y. What is the units digit of y?
4
Let w be (-1)/2 - (-51)/6. Let o = w - 2. What is the units digit of o?
6
Let z(s) = s**3 + 7*s**2 - 2*s - 5. Let u be z(-7). Suppose -18 - 7 = 5*o, 0 = -2*x - 5*o + u. Suppose x = 5*y - 18. What is the units digit of y?
7
Let q be (-81)/6*(-6)/9. Suppose 48 = 4*v + 4*u, 2*u = 5*u + q. What is the units digit of v?
5
Suppose 0 = -4*h + 3*h + 20. What is the tens digit of (24/(-5))/((-6)/h)?
1
Let p = -6 + -3. What is the tens digit of (-37)/(-3) - (-3)/p?
1
Let r = -7 - -4. Let z be (1 + (r - -2))/(-1). Suppose z = -3*x - x + 88. What is the tens digit of x?
2
What is the tens digit of 40*3/((-15)/(-8))?
6
Let g(c) = -5*c - 8. What is the units digit of g(-5)?
7
Let j(a) = -3*a - 7. Let x be j(-15). Let f = 67 - x. What is the tens digit of f?
2
Let l(h) = 26*h**2 - 3*h + 3. What is the units digit of l(2)?
1
Let u(l) = l**2 - 5*l + 2. What is the tens digit of u(7)?
1
Let j = 12 - 8. Suppose -r + 0*r - 38 = -4*m, j*r = -m + 1. What is the units digit of m?
9
Let w = 76 + 31. What is the tens digit of w?
0
Let k(v) be the third derivative of v**6/120 - v**5/12 + v**4/8 - 5*v**3/2 - 8*v**2. What is the tens digit of k(6)?
3
What is the tens digit of (3/(-5))/((-3)/75)?
1
Let n(c) = -c**2 + 1. Suppose -b = -2*z + 6 - 2, -3*z - 20 = 5*b. What is the units digit of n(z)?
1
Let r(q) = 6 + 3*q - q - q**3 + 9*q**2 + q**2 - 4*q**2. What is the tens digit of r(6)?
1
Suppose -j + 15 - 414 = -3*c, c - j - 133 = 0. What is the units digit of c?
3
Suppose m - 3*m - 3*h + 13 = 0, -5*h = 4*m - 25. Let r = m - 2. Suppose c - 22 = -r. What is the tens digit of c?
1
Let b = -10 + 51. What is the units digit of b?
1
Let g(f) = f**2. Suppose 4 = -4*k - 4. What is the units digit of g(k)?
4
Suppose -12*j + 65 = -7*j. What is the tens digit of j?
1
Suppose 12*x = 18*x - 198. What is the units digit of x?
3
Let j(g) = -3*g**2 - 4*g - 3. Let n be j(-3). Let k = -43 - n. What is the units digit of ((-16)/10)/(5/k)?
8
Suppose -15*j = -8*j - 567. What is the units digit of j?
1
Suppose s + 24 = -3*s. Let d = 4 - s. What is the tens digit of d?
1
Suppose -s - g - 13 = -2*s, -s - 2*g + 22 = 0. What is the units digit of s?
6
Let r = 1 - 1. Suppose r = -2*y + 5 + 19. Suppose -3*u + y = -21. What is the tens digit of u?
1
Let o(l) = l**3 + 6*l**2 + l - 1. Suppose 0 = 4*u + v + 3*v - 24, -10 = 5*u - 5*v. Suppose 0 = -u*d - 8 - 2. What is the tens digit of o(d)?
1
Let q(s) = 3*s - 9. Let v be q(6). Let j(y) = y + 5. What is the units digit of j(v)?
4
What is the units digit of (-6)/24 - (-61)/4?
5
Let f(s) = -s**3 + s**2 - s + 3. Let a be f(0). Suppose 0 = 4*y + a*i - 72, 3*y + 3*i = 8*i + 25. What is the tens digit of y?
1
Suppose 2*u - 4*q + 38 = 0, -8*u + 3*q = -4*u + 66. Let x = 23 + u. Suppose -x = -3*h + 2*h. What is the units digit of h?
8
Let x(z) = -z**2 - 15*z - 15. Let f be x(-13). What is the tens digit of (f/(-2))/((-3)/6)?
1
Let y = -7 - -10. Suppose y*t + 3 = 5*z - 0, -3*z = 4*t + 4. Suppose z*s - 16 = -2*s. What is the units digit of s?
8
Let q be 191/(-7) - 14/(-49). Let o = q - -54. What is the tens digit of o?
2
Let j(z) = -z**3 - 4*z**2 + 4*z - 2. Let y = -4 + -1. Let q be j(y). Suppose -g + 4 + 1 = q*i, 0 = -5*g - 2*i + 25. What is the units digit of g?
5
Let c(u) = -2*u**2 + 7*u - 5. Let h be c(4). Let s(m) = 4 + 2 - 4*m**2 + 5*m**2 + 9*m. What is the units digit of s(h)?
6
Suppose 11 + 4 = 3*d, 2*f = 5*d - 19. What is the tens digit of 13/(f/3) - 0?
1
Suppose -4*o = -b + 11, 2*o + o + 32 = -4*b. Let d(q) = q**3 + 4*q**2 - q. What is the units digit of d(o)?
4
Let w(a) = a**2 + 4*a + 8. Let f be w(-7). Let m = -20 + f. What is the units digit of m?
9
Suppose -3*y = 2*y - 60. What is the units digit of y?
2
Let y be (-9)/(-2) - 3/6. Suppose o - d - 11 = -4*d, o + y*d - 16 = 0. What is the units digit of o*4/(-6)*3?
8
Let z(y) = -y**2 + 10*y + 10. What is the units digit of z(9)?
9
Let l be (-25)/(-1) + 1*2. Suppose -5*n = -2*n - l. What is the units digit of n?
9
Suppose 0*j = 5*d - j - 63, 2*d - 4*j = 36. Let c = 18 - d. What is the units digit of c?
6
Suppose 3*o = 3*u - 38 - 97, 2*o + 228 = 5*u. Suppose -3*w + 3*a + 45 = 0, 0*a - u = -3*w + 2*a. Suppose -q - 3 = -w. What is the units digit of q?
3
Suppose 3*v = -t + 225, -111 = -2*v - 2*t + 35. What is the tens digit of v?
7
Suppose 7*h = 4*h + 15. Let m = h + 3. Let x = m + 0. What is the units digit of x?
8
Let t = 8 + -12. Let z be (-34)/t + (-4)/(-8). Suppose z + 18 = 3*m. What is the units digit of m?
9
Suppose -4 = -5*h + 2*n, -5*h - 2*n - 1 = -17. Suppose h*a = 4*a. Suppose -r + 2 = -2*s - 1, a = -2*r + 2*s + 4. What is the units digit of r?
1
Let l = 7 + -5. What is the tens digit of (1 - 2)/(l/(-24))?
1
Suppose 0 = 2*m - 11 - 3. Let k = -4 + m. What is the units digit of k?
3
What is the tens digit of (-2 - (-8)/3)*66?
4
Suppose 2*a = -l + 6, -l + 2*a + 3*a = 8. Suppose -l*z = z. Suppose z = -3*i + i + 32. What is the tens digit of i?
1
Suppose 5*r + 97 = b, 2*b + 6*r = 2*r + 152. What is the units digit of b?
2
Let v be 4/(((-6)/8)/3). Let r be 0 + 1 - (1 - -25). Let j = v - r. What is the units digit of j?
9
Let h = 12 + -8. Suppose -2*u + u - h*f = -33, -u + 2*f + 21 = 0. What is the tens digit of u?
2
Let g(l) = -8*l - 2 - l**2 + 2*l + 3*l. Let p be g(-2). Let n = p + 9. What is the units digit of n?
9
Suppose 44 = 4*f - 96. What is the units digit of f?
5
Let r(d) = 1 - 2 - 21*d + 1. What is the units digit of r(-1)?
1
Let r(d) = -d - 2. Let m(h) = -h**2 + 2*h. Let p be m(-2). Let o = -13 - p. What is the units digit of r(o)?
3
Let i = 24 - 8. Suppose -14*m = -11*m. Suppose 4*w - i = -m*w. What is the units digit of w?
4
Let y be (-6)/(3/33*-2). Let k = y - 12. Suppose -5*m - 4*g = -k, 0 = -3*g - 2*g - 5. What is the units digit of m?
5
Let a(t) = 13*t**2 + t. Suppose -q - 35 = -3*c, -5*c = -3*q + 7*q - 30. Let m(b) = -b**3 + 11*b**2 - 9*b - 11. Let i be m(c). What is the tens digit of a(i)?
1
Suppose 2*b = 5*b - 54. Suppose -2*x + 5*y = 9, 6*x - b = x - y. 